10*l**2 - 9*l - 4. Let a be k(9). Let r = f + a. Calculate the remainder when r is divided by 9.
8
Suppose -5*u + 8 = -17. Suppose -u*r - o + 165 = -0*r, 3*r = 4*o + 76. Let m = r - 22. What is the remainder when 28 is divided by m?
8
Let x = 36 - -76. Suppose 4*a = -0*a + x. Suppose 3 + 47 = 5*q. What is the remainder when a is divided by q?
8
Let j(y) = 3*y - 4. What is the remainder when 79 is divided by j(8)?
19
Let m(t) = 3*t**2 + 2*t + 4. What is the remainder when 70 is divided by m(-2)?
10
Let x(y) = 2*y**2 - y + 3 - y**2 + 7*y. Let r(s) = s**3 - 6*s**2 + 3*s. Calculate the remainder when r(6) is divided by x(-7).
8
Calculate the remainder when (-179)/(-6) + 1/6 is divided by 16.
14
Suppose -5*l = -l - 32. What is the remainder when 11 is divided by l?
3
Suppose -3*i + 5*w = -76, 6*w - 36 = -2*i + 2*w. Let m = 10 + -3. Suppose -m = -2*z + 17. Calculate the remainder when i is divided by z.
10
Let d = -7 - -10. Suppose 0 = b, -2*b = d*v - 7*b - 255. Calculate the remainder when v is divided by 22.
19
Suppose -4*q + q - 21 = 0. Let f = q + 14. What is the remainder when f is divided by 4?
3
Suppose -117 = -3*p - 2*a + 7*a, 5*p - 195 = a. Suppose 5*n + 5*h - 95 = -0*h, -3*n + 3*h + 63 = 0. What is the remainder when p is divided by n?
19
Suppose 0 = 3*p - 82 + 7. Let g(c) = 5*c**2. Let u be g(2). Let j = u + -11. What is the remainder when p is divided by j?
7
Suppose 0 = 8*h - 4*h - 52. Calculate the remainder when h is divided by 4.
1
Let d = -143 + 212. Calculate the remainder when d is divided by 20.
9
Let a = 45 - 35. Calculate the remainder when 58 is divided by a.
8
Suppose -2*i - 66 = -3*y, 2*i + 8 = y - 14. Suppose 2*t + 0*b - y = -2*b, 4*b = t - 6. Calculate the remainder when 19 is divided by t.
9
Let q = 13 - 8. Suppose 0*s - q*s - 2*h = -132, 4*h + 156 = 5*s. Calculate the remainder when 55 is divided by s.
27
Suppose 3*m + 57 = 4*p - p, -4*p + 68 = 4*m. What is the remainder when 44 is divided by p?
8
Let b = 34 + -22. Suppose -2*z + 68 = -0*z. What is the remainder when z is divided by b?
10
Let c be (-3 - (-9)/5)*-30. Suppose -3*r + c = -0*r. Calculate the remainder when 23 is divided by r.
11
Calculate the remainder when 8/((-16)/(-6)) - 280/(-2) is divided by 48.
47
Let b = 65 + -42. What is the remainder when b is divided by 6?
5
Let r(w) = -w**2 + 6*w + 61. Let u(f) = f**2 + f + 12. What is the remainder when r(10) is divided by u(0)?
9
Suppose -5*t + 10*t - 30 = 0. Calculate the remainder when t is divided by 2.
0
Let k(v) = 9*v + 3. Suppose -4*q = i - 34, -i - 4*i = -2*q - 60. Calculate the remainder when k(4) is divided by i.
11
Let c(m) be the third derivative of 3*m**5/5 + m**3/6 - 4*m**2. What is the remainder when c(-1) is divided by 10?
7
Let a = 37 + 8. Calculate the remainder when a is divided by 23.
22
Suppose 5*t + 0 = 10. What is the remainder when 7 is divided by t?
1
Let i(t) = -5*t + 0*t - 3 - 8 + 4 + t**3 - 6*t**2. What is the remainder when 20 is divided by i(7)?
6
Let r(w) = w**3 + 8*w**2 + 7*w - 4. Let g = 211 - 136. What is the remainder when g is divided by r(-6)?
23
Suppose m + 4*n = 6, -4*m + 37 = -2*n + 5*n. Let c be m/25 - (-16)/10. Calculate the remainder when (c - 2) + (24 - 0) is divided by 13.
11
Let k(z) = z**2 - 6*z + 25. Calculate the remainder when k(4) is divided by 6.
5
Let h(i) = i**3 + 8*i**2 + 13. Calculate the remainder when 21 is divided by h(-8).
8
Let p = 3 - -9. Suppose -2*g + 6 = -n - 5*g, g = -5*n + p. Suppose -18 + 3 = -n*z + 5*y, 5*y = -4*z + 20. What is the remainder when 9 is divided by z?
4
Let z(t) = -6*t - 31. Let i = 38 + -26. Calculate the remainder when z(-9) is divided by i.
11
What is the remainder when 4/(-40)*2 + (-261)/(-5) is divided by 22?
8
Let h(y) = -y**2 - 11*y - 7. Let q be -6 + 0*(-1)/(-2). Let f(z) = z**3 + 7*z**2 - 4*z - 3. Calculate the remainder when f(-5) is divided by h(q).
21
Suppose -2*a - q = -5 - 0, -4*a + 4*q - 20 = 0. Suppose -2*y + y + 20 = a. Suppose -9*s + 195 = -4*s. Calculate the remainder when s is divided by y.
19
Suppose 2*a - 2 = a. Suppose -2*t - 22 = -2*p, 39 = a*p + 2*p - 5*t. What is the remainder when p is divided by 6?
4
Suppose 164*h + 185 = 169*h. Calculate the remainder when 147 is divided by h.
36
Let o(j) = j**2 - j. Let p be o(2). Let l be (7 - p)*2/2. Suppose l*k + 5*w = 260, 0*k + 236 = 5*k - 3*w. What is the remainder when k is divided by 17?
15
What is the remainder when (0 - 0 - 2)*150/(-3) is divided by 51?
49
Let t = 9 - 5. Suppose 3*d - 2*u - 83 = 0, 0*d = -3*d - u + 80. Suppose -3*p + d = o, -4*p + o + 36 = t*o. What is the remainder when p is divided by 5?
4
Let g(k) = 16*k**3 - k**2 + 3*k - 2. Let o(r) = 32*r**3 - 2*r + 1. Calculate the remainder when o(1) is divided by g(1).
15
Suppose -30 + 192 = 5*j - 3*y, 0 = 2*j - y - 64. Calculate the remainder when j is divided by 17.
13
Suppose -3*x + 4 + 38 = 0. Calculate the remainder when x is divided by 8.
6
Suppose -3*b - 12 = 0, 4*p - 72 = p - 3*b. What is the remainder when p is divided by 10?
8
Let p(n) = -2*n - 3 + 3*n + n - 3. Let v = -6 + 10. What is the remainder when p(v) is divided by 2?
0
Let c(a) = a**3 + 12*a**2 + 19*a - 3. What is the remainder when 26 is divided by c(-10)?
5
Let v(d) = -d - 3. Let r be v(-3). Suppose 3*f = -3*c + 78, r*c + 42 = 2*c - 3*f. Suppose -2*z - 4 + c = 0. Calculate the remainder when z is divided by 4.
2
Suppose q - 4 = -a, 23 = 5*a + 3*q - q. Let x be (-6)/(-15) - 22/a. Calculate the remainder when 13 is divided by (-21)/(-4) - (-1)/x.
3
Suppose -7*n + 60 = -2*n. Calculate the remainder when n is divided by 7.
5
Suppose 0 = -y + h + 7, y - 5*h = -3*y + 27. Let q = 2 - 4. Let v = 13 - q. What is the remainder when v is divided by y?
7
Let r = 17 - -7. Suppose 18 + 30 = -4*p. Let u = p + r. Calculate the remainder when 22 is divided by u.
10
Let r(s) = -s - 11. Suppose -3*o = o. Let m be r(o). Let t = m - -20. What is the remainder when t is divided by 3?
0
Let p be (-4 - 19) + (-2)/1. Suppose -7*k + 25 = -2*k, -3*z - k + 47 = 0. What is the remainder when (-25)/(-1)*(-40)/p is divided by z?
12
Let r(d) = -d**2 + 6*d + 4. Let f be r(6). Suppose -9 = n - f*n. Calculate the remainder when n is divided by 3.
0
Let v(w) = w**2 - w. Let m(z) = -6*z**2 + 5*z + 1. Let u(s) = -m(s) - 5*v(s). What is the remainder when 7 is divided by u(2)?
1
Let a = 52 - 39. What is the remainder when 21 is divided by a?
8
Let w(d) = 15*d - 15. What is the remainder when w(6) is divided by 26?
23
Suppose x + 3*x = 12. Suppose 0 = 6*k - x*k - 255. Suppose -2*m = 3 - k. What is the remainder when m is divided by 14?
13
Suppose z - 91 - 46 = 4*a, 331 = 3*z + 4*a. What is the remainder when z is divided by 30?
27
Suppose -4*q + 6 = 2. Suppose 17 = h - 5*u, -h + 6*h + 4*u - 27 = 0. Calculate the remainder when 1/2*38/q is divided by h.
5
Let h = -5 - -2. Let l be (-74)/8 - h/12. Let o(z) = -3*z + 2. What is the remainder when o(l) is divided by 15?
14
Let x be (-5)/((-15)/(-9)) + 1. Calculate the remainder when 19 is divided by (-25)/15*(x - 1).
4
Let l(p) = 4*p - 34. Calculate the remainder when 23 is divided by l(9).
1
Calculate the remainder when 181 is divided by 1344/36 + (-1)/3.
33
Let p = 27 + -15. Calculate the remainder when p is divided by 7.
5
Suppose -4*r = o - 7, 0*r + 4*o + 17 = -r. Calculate the remainder when 6 is divided by r.
0
Suppose -3*c - 36 = -102. Suppose -5*p + x - 80 = -2*p, 0 = -4*x + 20. Let o = -13 - p. Calculate the remainder when c is divided by o.
10
Let j = -3 - -5. Suppose w = 4*i - 86, 0 = -4*i + 4*w - w + 90. What is the remainder when i is divided by ((-22)/(-8))/(j/8)?
10
Let j(k) = k**2 + 5. Let z be j(-5). Suppose 0 = 2*q - 8 - z. What is the remainder when 56 is divided by q?
18
Suppose -5*x = 113 - 273. What is the remainder when x is divided by 7?
4
Suppose 3*n - 107 = -5*l - n, 4*n - 31 = -l. Suppose 5*b = -3*w - w + l, -4*w = 2*b - 10. Suppose 0*x + b*x = 45. What is the remainder when 44 is divided by x?
14
Let s(h) = -3*h + 2. Let m be 3/6 + 7/(-2). Suppose 4*i = -4*o + 124, 0 = 3*i - 5*o + 68 - 161. Calculate the remainder when i is divided by s(m).
9
Let f(d) = 2*d - 4. What is the remainder when f(16) is divided by 10?
8
Suppose 4*k + 5*u = 5*k + 25, 5*u - 25 = 3*k. Suppose -2*o + m + k = -6, -o = m